of 218807?
False
Is 55 a factor of 541750?
True
Is 418 a factor of 2767640?
False
Does 51 divide 1299990?
True
Does 378 divide 1874880?
True
Does 9 divide 51297?
False
Is 352878 a multiple of 37?
False
Is 166 a factor of 255142?
True
Is 12 a factor of 1764972?
True
Is 59 a factor of 9394629?
True
Does 158 divide 89428?
True
Does 25 divide 9411906?
False
Is 185 a factor of 1037744?
False
Is 320068 a multiple of 14?
True
Is 74 a factor of 7992?
True
Does 12 divide 44199?
False
Is 7 a factor of 103506?
False
Does 3 divide 7041?
True
Is 5479595 a multiple of 335?
True
Is 2637666 a multiple of 87?
True
Does 44 divide 2456709?
False
Does 57 divide 471832?
False
Is 249 a factor of 3688188?
True
Does 12 divide 118142?
False
Does 304 divide 27056?
True
Is 439 a factor of 15945358?
True
Is 10 a factor of 1080331?
False
Is 15 a factor of 13567455?
True
Does 19 divide 1662259?
False
Is 2473092 a multiple of 34?
True
Is 47 a factor of 1267684?
True
Does 10 divide 52370?
True
Does 11 divide 3348510?
True
Does 237 divide 81821?
False
Is 300033 a multiple of 37?
True
Is 33 a factor of 3863046?
True
Is 5 a factor of 38480?
True
Does 25 divide 372203?
False
Is 61 a factor of 78651?
False
Is 6627496 a multiple of 181?
True
Is 193218 a multiple of 140?
False
Is 74 a factor of 78588?
True
Does 42 divide 347508?
True
Does 22 divide 424037?
False
Is 131518 a multiple of 3?
False
Is 104282 a multiple of 26?
False
Is 24 a factor of 878752?
False
Is 126962 a multiple of 22?
True
Is 594813 a multiple of 17?
True
Does 223 divide 646477?
True
Is 36 a factor of 82573?
False
Is 1349612 a multiple of 814?
True
Does 3 divide 3243?
True
Is 150 a factor of 170762?
False
Is 12 a factor of 2601840?
True
Is 22 a factor of 3350930?
True
Does 96 divide 1099680?
True
Is 339315 a multiple of 981?
False
Is 65140 a multiple of 5?
True
Is 313148 a multiple of 242?
True
Is 362700 a multiple of 225?
True
Is 725560 a multiple of 96?
False
Is 3536996 a multiple of 947?
False
Is 651 a factor of 246255?
False
Is 2879856 a multiple of 112?
True
Is 194947 a multiple of 6?
False
Is 299665 a multiple of 70?
False
Is 140 a factor of 5265917?
False
Does 80 divide 64356?
False
Does 9 divide 191835?
True
Is 20883 a multiple of 93?
False
Does 12 divide 8923495?
False
Is 2976089 a multiple of 853?
False
Does 20 divide 47840?
True
Does 917 divide 1891771?
True
Is 2 a factor of 337094?
True
Is 1558968 a multiple of 11?
False
Does 7 divide 1029827?
False
Is 54 a factor of 312498?
True
Is 36 a factor of 10585141?
False
Does 2598 divide 26773185?
False
Is 38 a factor of 417454?
False
Does 31 divide 594549?
True
Is 522 a factor of 1871829?
False
Does 25 divide 507980?
False
Does 10 divide 3944313?
False
Does 20 divide 2488605?
False
Is 2 a factor of 550005?
False
Is 4017525 a multiple of 15?
True
Is 14006424 a multiple of 14?
False
Is 12563877 a multiple of 19?
False
Does 724 divide 278751?
False
Is 10164911 a multiple of 563?
False
Is 492610 a multiple of 353?
False
Is 118 a factor of 3784614?
True
Is 6187 even?
False
Is 15 a factor of 19530?
True
Is 1671468 a multiple of 76?
True
Does 97 divide 300797?
True
Is 101 a factor of 1051340?
False
Is 1884633 a multiple of 284?
False
Is 1800601 a multiple of 121?
True
Is 323 a factor of 487337?
False
Does 397 divide 676488?
True
Does 25 divide 5139150?
True
Is 231527 a multiple of 111?
False
Does 115 divide 139150?
True
Is 40 a factor of 620728?
False
Is 173586 a multiple of 14?
True
Is 825117 a multiple of 14?
False
Does 92 divide 67963?
False
Is 217909 a multiple of 4?
False
Is 13365 a multiple of 27?
True
Is 34101 a multiple of 26?
False
Does 12 divide 455606?
False
Does 307 divide 174787?
False
Does 2302 divide 14849232?
False
Is 154 a factor of 180083?
False
Does 9 divide 1121520?
False
Is 245 a factor of 32942?
False
Does 21 divide 989876?
False
Does 20 divide 2152300?
True
Does 7 divide 48854?
False
Is 118848 a multiple of 96?
True
Is 4044868 a multiple of 46?
False
Is 69 a factor of 2575618?
False
Is 41 a factor of 3538579?
False
Is 14 a factor of 1922026?
False
Is 147 a factor of 620229?
False
Is 20 a factor of 132348?
False
Is 2 a factor of 31828?
True
Is 4 a factor of 3298?
False
Does 4 divide 120882?
False
Is 6 a factor of 114534?
True
Does 84 divide 385140?
True
Does 22 divide 8800?
True
Does 4 divide 22115?
False
Is 640 a factor of 1886181?
False
Is 51594 a multiple of 142?
False
Is 581 a factor of 11600468?
False
Does 7 divide 2044261?
False
Is 478312 a multiple of 7?
False
Is 630737 a multiple of 90?
False
Is 191929 a multiple of 90?
False
Does 856 divide 4636952?
True
Does 366 divide 396181?
False
Is 2066194 a multiple of 338?
True
Is 1550559 a multiple of 660?
False
Does 6 divide 134112?
True
Is 583185 a multiple of 17?
True
Is 51567 a multiple of 116?
False
Is 538529 even?
False
Does 49 divide 502354?
False
Is 855226 a multiple of 258?
False
Does 10 divide 540725?
False
Does 147 divide 531846?
True
Is 6369400 a multiple of 8?
True
Is 832851 a multiple of 60?
False
Is 6 a factor of 113959?
False
Is 2498166 a multiple of 1221?
True
Is 2537522 a multiple of 60?
False
Does 188 divide 147811?
False
Is 389052 a multiple of 6?
True
Does 94 divide 4451928?
False
Is 5814592 a multiple of 16?
True
Does 36 divide 3072025?
False
Is 55156 a multiple of 35?
False
Is 1974208 a multiple of 1614?
False
Is 1055744 a multiple of 512?
True
Is 12 a factor of 1072125?
False
Is 224 a factor of 757527?
False
Is 89527 a multiple of 190?
False
Is 17 a factor of 478465?
True
Does 7 divide 194670?
True
Is 6 a factor of 304566?
True
Is 5124327 a multiple of 393?
True
Is 176 a factor of 80960?
True
Does 452 divide 562476?
False
Does 35 divide 7263238?
False
Is 30 a factor of 435150?
True
Is 26 a factor of 51588?
False
Does 2 divide 1383810?
True
Is 163 a factor of 10641292?
True
Is 386796 a multiple of 43?
False
Is 2466020 a multiple of 17?
True
Is 230774 even?
True
Does 348 divide 805959?
False
Is 27 a factor of 54432?
True
Is 24 a factor of 1718880?
True
Does 14 divide 416114?
False
Does 24 divide 605400?
True
Is 36198 a multiple of 235?
False
Is 32 a factor of 103147?
False
Is 14848416 a multiple of 88?
True
Is 55 a factor of 68964?
False
Does 7 divide 2189061?
True
Is 46080 a multiple of 152?
False
Is 4594912 a multiple of 322?
False
Does 27 divide 948456?
True
Is 2608308 a multiple of 36?
True
Is 583 a factor of 1287264?
True
Is 12 a factor of 2232?
True
Does 13 divide 923319?
False
Is 23 a factor of 325633?
False
Does 620 divide 2283460?
True
Is 1305090 a multiple of 45?
True
Is 562 a factor of 1395644?
False
Is 552 a factor of 3734832?
True
Does 1374 divide 11894718?
True
Is 1327644 a multiple of 1876?
False
Does 51 divide 91716?
False
Is 1724096 a multiple of 316?
True
Is 10 a factor of 22500?
True
Does 153 divide 2413996?
False
Is 28 a factor of 5591544?
True
Is 184922 a multiple of 53?
False
Does 31 divide 132512?
False
Is 106 a factor of 1032587?
False
Does 34 divide 185300?
True
Is 146 a factor of 2021808?
True
Does 32 divide 1023072?
True
Is 1948263 a multiple of 36?
False
Is 250 a factor of 13559250?
True
Is 42 a factor of 1816248?
True
Does 65 divide 1142574?
False
Is 77 a factor of 76905?
False
Is 5 a factor of 1270020?
True
Is 24189959 a multiple of 212?
False
Is 70224 a multiple of 28?
True
Does 87 divide 353894?
False
Is 47 a factor of 184349?
False
Does 732 divide 11561940?
True
Is 42 a factor of 31908?
False
Is 338630 a multiple of 132?
False
Is 283092 a multiple of 124?
True
Is 10 a factor of 1124041?
False
Does 38 divide 3481466?
False
Does 48 divide 71184?
True
Is 973 a factor of 4173197?
True
Is 2399743 a multiple of 351?
False
Does 2 divide 815?
False
Is 240 a factor of 4765680?
True
Does 387 divide 2942361?
True
Is 10 a factor of 231330?
True
Is 935 a factor of 20333710?
False
Is 1227599 a multiple of 117?
False
Is 495 a factor of 4147869?
False
Is 56166 a multiple of 814?
True
Is 4 a factor of 44648?
True
Is 84 a factor of 1211280?
True
Is 111138 a multiple of 7?
False
Is 41 a factor of 257193?
True
Does 43 divide 148224?
False
Does 5 divide 2924720?
True
Is 37 a factor of 252414?
True
Does 77 divide 108264?
False
Is 874 a factor of 1900076?
True
Is 5366676 a multiple of 294?
True
Is 8032824 a multiple of 24?
True
Does 335 divide 207662?
False